5 + 12 - 4. Let s be ((-5)/(-15))/(7/(-147))*-1. Determine l(s).
11
Let z = 14 - 9. Let a(s) be the third derivative of s**6/360 - 7*s**5/120 + 16*s**3/3 - 30*s**2. Let g(x) be the first derivative of a(x). What is g(z)?
-10
Let d(n) = 23*n - 12*n - 6*n - 10*n**2 - 6*n + 1. Let o = -13 - -9. Let l be (-18)/(-12) + 2/o. What is d(l)?
-10
Let t be ((-50)/15)/((-1)/6). Let h(w) = w + 584. Let m(u) = -u - 463. Let k(l) = 4*h(l) + 5*m(l). Determine k(t).
1
Let f = 56 - 53. Let c = 186 - 183. Let u be f + (c + -8 - (2 + 2)). Let x(p) = p**3 + 5*p**2 - 7*p - 5. What is x(u)?
1
Let b(j) = j**3 + 3*j**2 - 1. Suppose -73 = -o + 3*z - 76, 4*o - 5*z + 12 = 0. What is b(o)?
-1
Let a(f) = 2*f - 2. Let c(m) = 8*m**3 + 15*m**2 - 6*m + 7. Let u(z) = -7*z**3 - 14*z**2 + 5*z - 8. Let b(x) = -6*c(x) - 7*u(x). Let i be b(-8). Give a(i).
10
Suppose 2*g = -3*w + 2, 3*g + 13*w = 16*w + 3. Let a(k) = -k - 3. Let s be a(g). Let q(c) = c**2 + 3*c - 4. Calculate q(s).
0
Let j(m) = 2*m**3 - m + 1. Suppose -26 = -2*k + 4*s, -30*k + 17 = -25*k - 2*s. What is j(k)?
2
Let a(n) = n**3 - 5*n**2 - 3. Let j(s) = 2*s + 19. Let h be 4/5*15/6. Suppose 2*g + 1 = -w, -4*g = -h - 10. Let y be j(w). What is a(y)?
-3
Let t(g) = -g**3 - 2*g**2 + 4*g - 2. Suppose 3*y + 26 = -4*d + 9, -3*d = -2*y - 17. Let w(s) = 14*s + 100. Let a be w(y). Calculate t(a).
-10
Let x(g) = -9*g + 15. Suppose -3*t - 154 = 11*t. Let s(r) = 5*r - 7. Let u(f) = t*s(f) - 6*x(f). Give u(-7).
-6
Let a = -43 + 48. Suppose -68 = -a*p - 23. Suppose -u + 2*u + p = x, -5*x = -3*u - 35. Let j(v) = 2*v + 2. Calculate j(x).
10
Let o(t) = -5*t + 15. Let f(c) = -17*c + 294. Let h be f(17). Determine o(h).
-10
Suppose 21*x - 36 = 3*x. Let h(a) = -6*a - 275 + 294 + a - 2*a**2 + a**x. Determine h(-7).
5
Let w(q) be the third derivative of -19*q**4/12 + q**3/6 - 582*q**2. Give w(1).
-37
Let s(k) be the third derivative of k**4/6 + 13*k**3/3 - 5640*k**2. Give s(-9).
-10
Let j(o) be the second derivative of o**3/6 + 45*o**2/2 + 3*o - 439. Calculate j(19).
64
Let q(u) = -10*u + 67. Suppose 5*c + 5*k - 40 = 0, 185*c = 186*c + 4*k - 14. Determine q(c).
7
Let v(y) = -5. Let z(n) = -4. Let w(i) = 7*v(i) - 6*z(i). Let o(x) = x - 10. Let k(a) = -3*o(a) + 2*w(a). Let b = 23 + -17. Determine k(b).
-10
Let s(j) = 2*j + 2. Suppose -5*w - 142 - 118 = 0. Let t = w + 52. Suppose -4*d + t*d = 16. Determine s(d).
-6
Let b(a) = -6*a**2 + a**3 + 14 + 28 - 69 + 24 - a. Give b(6).
-9
Suppose 0 = j + 24 - 25, 5*t + 11 = j. Let r(d) = -10*d - 7. Give r(t).
13
Suppose -15 = -3*k + 3*p - 3, 4*p = -4. Suppose 5*s + k*m - 24 = 9*s, -4*m = 0. Let t(g) = 2*g**2 + 12*g - 4. Give t(s).
-4
Let n(u) = -10*u**2 - 3*u - 3. Suppose s + 4*r + 14 = 0, 364*s - 365*s = 2*r + 8. Give n(s).
-37
Let a(z) be the first derivative of z**4/4 - 4*z**3 + z**2/2 - 9*z + 1984. Let m be -12*(0 + (3 - 4)). Determine a(m).
3
Let r(y) = 14*y**3 + 45*y**2 + 3*y - 60. Let j(n) = -3*n**3 - 11*n**2 - n + 15. Let a(b) = 9*j(b) + 2*r(b). Determine a(9).
-12
Let l(t) = -115*t**2 - 13*t + 13. Let s be l(1). Let z = -121 - s. Let q(a) = a**3 + 6*a**2 + 7. What is q(z)?
7
Let w(n) = -36*n**3 - 18*n**2 + 2*n - 41. Let x(a) = 36*a**3 + 22*a**2 - 2*a + 52. Let o(f) = 5*w(f) + 4*x(f). Determine o(-1).
35
Let f(z) be the second derivative of -z**4/12 - 5*z**3/3 + 20*z**2 + 17*z. Let v(g) be the first derivative of f(g). Give v(-4).
-2
Let p(t) be the third derivative of 1/360*t**6 - 1/120*t**5 + 1/3*t**4 + 0 + 0*t**3 + 0*t + 14*t**2. Let g(r) be the second derivative of p(r). Give g(1).
1
Suppose 4*g - 35 = 3*j, 0*g + g + j = 0. Let o be (-2)/(-6)*(7 + g). Let q be 2 + o/((-8)/(-6)). Let t(h) = -3*h + 2. Determine t(q).
-13
Let m(a) = -10*a**2 - 13*a - 8. Let k(n) = -3*n**2 - 4*n - 3. Let p(d) = -7*k(d) + 2*m(d). Let t(v) = -9*v - 72. Let r be t(-8). Give p(r).
5
Let a = -4610 - -4610. Let i(h) be the third derivative of 1/12*h**4 - 1/15*h**5 + 0 + 1/120*h**6 + 2/3*h**3 + a*h - 13*h**2. Determine i(3).
1
Let f(l) = -2*l**2 - 1044*l + 1043*l + 54 - 39 - 3*l**3 + 4*l**3. Give f(0).
15
Let w(j) = -j**3 - 4*j**2 + 5*j + 5. Let o(x) = x**2 + 9*x - 17. Let y be o(5). Suppose 8*g = -y + 13. Give w(g).
5
Let w(u) = -u**3 + u**2 - u. Let t(g) = -7*g**3 + 5*g**2 - 3*g + 1. Let j = 37 - 33. Let o be (-304)/24 + 7 - j/(-6). Let k(x) = o*w(x) + t(x). Calculate k(-1).
1
Let q(i) = -31*i - 11*i - 7 + 30*i - i**2. Let j(x) = -4*x**2 + 2*x + 230. Let o be j(8). Calculate q(o).
13
Suppose 5*t - 2 = -4*z, -3*z - 10*t = -5*t + 1. Let w be z*(115/(-35) - 6/(-21)). Let c(q) = -q**2 - 8*q + 8. Calculate c(w).
-1
Let x(p) = -p**2 - p - 20. Let s(d) = 6*d + 1. Let h be s(-14). Let l = 62 + h. Let c = l - -21. What is x(c)?
-20
Let x(j) = -2*j**3 - 5*j**2 + 57*j - 55. Let g(b) = -2*b**2 - 14*b + 2. Let c(t) = -4*g(t) - x(t). Determine c(-7).
5
Let h(y) = -6 - 33 - 270*y + 134*y + 143*y - 4. What is h(9)?
20
Let d(s) = 9*s - 116. Let w be 166/36*3 + 85/(-102). Calculate d(w).
1
Let c(a) = a**3 - 15*a**2 + 14*a - 10. Let b be c(14). Let s be 10*b - (2 + 5/(-1)). Let i = -96 - s. Let q(u) = 8*u - 1. What is q(i)?
7
Let a(h) be the second derivative of h**7/2520 - h**6/240 + h**5/30 + h**4/4 - h**3/2 - 60*h. Let j(b) be the third derivative of a(b). Give j(3).
4
Suppose 69*j - 351 = -16*j + 244. Let b(a) = -a**2 + 5*a - 2. What is b(j)?
-16
Let z(c) = 26*c. Let k(u) = -366*u + 12. Let a(d) = 4*k(d) + 56*z(d). Calculate a(7).
-8
Let l be (-6)/4 + -3 + (-7)/(-2). Let s be (-4 - -10)*l/(-2). Suppose 3*z + 6 = 0, 3 + 5 = -s*u - 4*z. Let g(p) = -p + 32. What is g(u)?
32
Let y(o) = 6 - 20111*o - o**2 + 20109*o + 21. What is y(-7)?
-8
Suppose -140*s + 2*a = -135*s - 6, 2*s - 12 = -4*a. Let w(j) = -3*j**3 + j**2 - 6*j. Give w(s).
-32
Let y(v) = -v + 9. Let q(f) = -11*f + 49. Let z(m) = -2*q(m) + 11*y(m). Give z(2).
23
Let u be (0 - 6)/(3624/(-520) - -7). Let g = 201 + u. Let o(j) = j - 8. What is o(g)?
-2
Let d(h) = 6*h + 14. Let m be d(-2). Suppose t - 8 = l, 11*l - 6*l - 9 = -m*t. Let j(b) = -b - 3. Calculate j(t).
-10
Let h(p) = -p**3 + 40*p**2 + 44*p - 125. Let b be h(41). Let u(r) = r - 2. Determine u(b).
-4
Let y be (30/75)/(-2 - (-11)/5). Let m(o) = 4*o**y - 40 + 21 + 18 + 5*o - 4*o. Determine m(2).
17
Let a = 323 + -286. Suppose a*r = 216 + 117. Let p(j) = j**3 - 8*j**2 - 10*j - 2. What is p(r)?
-11
Let o(s) = 21*s + 105. Let u be o(-5). Let m(w) be the third derivative of -6*w**2 - 1/60*w**5 + 0*w - 2/3*w**3 + 1/24*w**4 + 0. Calculate m(u).
-4
Let v(w) = -7*w**3 + 4*w**2 + 21*w + 10. Let p(j) = -3*j**3 + 4*j**2 + 11*j + 4. Let n(x) = -5*p(x) + 2*v(x). What is n(13)?
0
Suppose 358*y - 359*y = 5*z + 10, 7 = -y - 4*z. Let p(q) = -q + 3. What is p(y)?
-2
Let d be 1 + 1062/(-126) + 6/14. Let x(m) = -m**2 - 27*m - 139. What is x(d)?
1
Suppose -3*c = -1 - 14. Suppose 5*q = -0*q + 5*d + 45, 2*q - c*d = 21. Let m(y) = -y + 9. Give m(q).
1
Let l = -14 + 16. Let m(n) = -2*n**2 + 4*n**l - 3*n**2 - n**3 - 22 + 8*n - 7*n. Suppose -5*d - 22*d = -3*d. What is m(d)?
-22
Let p be (8/(-26))/((-12)/78). Suppose -p*i - 8 = h, -2*i + h + 9 = 21. Let s(q) = -q**2 - 3*q - 4. What is s(i)?
-14
Let p(q) = 25*q - 7. Let b(v) = 4*v - 3. Let g(d) = 42*b(d) - 7*p(d). Determine g(-13).
14
Let z be (-2 - 1)/(6/(-4)). Let p(f) = 374*f**3 + 3*f**2 - 7*f - 375*f**3 + 2 + 4*f. Determine p(z).
0
Let c(v) = v**3 + 3*v**2 - 2*v - 4. Let r be 2/(-11) - (420/(-11) + -4). Let d be 2/6 + 364/r. Suppose -4*z + d*z = -a - 18, z = -a - 6. What is c(z)?
2
Let b(j) be the third derivative of 5*j**2 + 1/60*j**5 + 0*j**3 + 1/24*j**4 + 1 + 2/15*j**6 + 0*j. What is b(-1)?
-16
Let q = -130 - -140. Let y be 14*((-2)/4 + (10 - q)). Let z(g) = -g - 4. What is z(y)?
3
Let g = 723 - 201. Let m = -536 + g. Let x(f) = -f**2 - 15*f - 12. Determine x(m).
2
Suppose -24*z = -20*z - 22152. Let i(s) = -3*s + z*s**2 + 3 - 1 - 5537*s**2. What is i(2)?
0
Suppose 4*u = -2*s - 182, -u + 2*u - s + 38 = 0. Suppose -23*i + 858 = -i. Let g = u + i. Let o(k) = k - 2. What is o(g)?
-6
Let w(h) = -h**3 - 16*h**2 - 15*h - 10. Let f(z) = -7*z + 20. Let y be f(5). What is w(y)?
-10
Let i(g) = 24*g**2 + 2*g + 3. Let l(a) = -9*a**2. Let r(x) = i(x) + 2*l(x). Determine r(-3).
51
Let w = 13610 + -13608. Let c(d) be the first derivative of -1/4*d**4 - 22 + 0*d + 4/3*d**3 + 7/2*d**w. Calculate c(5).
10
Let n 